57.141.0.43 - - [09/Mar/2026:15:10:12 +0330] "GET /vavada-casino-ofitsial-nyi-sait/?fileloc=//lib64/libHalf.so.12&path=//lib64 HTTP/2" 200 12300 "-" "meta-externalagent/1.1 (+https://developers.facebook.com/docs/sharing/webmasters/crawler)"
147.135.213.170 - - [09/Mar/2026:15:10:12 +0330] "GET /author/admin/page/1875/?fileloc=/home/drdaynet/public_html/error_log&path=/home/drdaynet/public_html HTTP/1.1" 200 14604 "-" "Mozilla/5.0 (compatible; MJ12bot/v1.4.8; http://mj12bot.com/)"
147.135.213.170 - - [09/Mar/2026:15:10:14 +0330] "GET /author/admin/page/1875/?fileloc=/home/drdaynet/public_html/index.php&path=/home/drdaynet/public_html HTTP/1.1" 200 2729 "-" "Mozilla/5.0 (compatible; MJ12bot/v1.4.8; http://mj12bot.com/)"
57.141.0.50 - - [09/Mar/2026:15:09:46 +0330] "GET /vavada-casino-ofitsial-nyi-sait/?fileloc=//lib64/libodbcdrvcfg1S.so.2.0.0&path=//lib64 HTTP/2" 200 12311 "-" "meta-externalagent/1.1 (+https://developers.facebook.com/docs/sharing/webmasters/crawler)"
57.141.0.54 - - [09/Mar/2026:15:09:47 +0330] "GET /wp-sitemap-users-1.xml?fileloc=//lib64/p11-kit-proxy.so&path=//lib64 HTTP/2" 200 12303 "-" "meta-externalagent/1.1 (+https://developers.facebook.com/docs/sharing/webmasters/crawler)"
57.141.0.45 - - [09/Mar/2026:15:09:48 +0330] "GET /otchego-cheloveku-suschestvenno-oschuschat-vovlechennost-v-protsess/?fileloc=//usr/lib/firmware/iwlwifi-cc-a0-77.ucode&path=//usr/lib/firmware HTTP/2" 200 12398 "-" "meta-externalagent/1.1 (+https://developers.facebook.com/docs/sharing/webmasters/crawler)"
57.141.0.59 - - [09/Mar/2026:15:09:57 +0330] "GET /top-green-gaming-habits-equipment-information-and-conquering-dependency-aslan-neferler-tim/?fileloc=/home/drdaynet/public_html/wp-includes/customize/class-wp-customize-nav-menu-auto-add-control.php&path=/home/drdaynet/public_html/wp-includes/customize HTTP/2" 200 13877 "-" "meta-externalagent/1.1 (+https://developers.facebook.com/docs/sharing/webmasters/crawler)"
57.141.0.59 - - [09/Mar/2026:15:10:01 +0330] "GET /valor-2025-%ec%98%a4%ec%b0%ac-%ed%96%89%ec%82%ac-%ec%b0%b8%ec%84%9d%ec%9e%90-%ed%99%95%ec%9d%b8-%ec%82%ac%ec%a7%84-%ec%9e%90%eb%ac%bc-%eb%8f%84%eb%b0%95-%ec%82%ac%ec%97%85%ec%9e%a5-2025%eb%85%84-12/?fileloc=//lib64/libisccc.so&path=//lib64 HTTP/2" 200 12298 "-" "meta-externalagent/1.1 (+https://developers.facebook.com/docs/sharing/webmasters/crawler)"
57.141.0.63 - - [09/Mar/2026:15:10:03 +0330] "GET /wp-sitemap-users-1.xml?fileloc=//lib64/libxmlrpc_server_cgi.so.3.51&path=//lib64 HTTP/2" 200 12315 "-" "meta-externalagent/1.1 (+https://developers.facebook.com/docs/sharing/webmasters/crawler)"
57.141.0.11 - - [09/Mar/2026:15:10:09 +0330] "GET /vavada-casino-ofitsial-nyi-sait/?fileloc=//lib64/libSM.so.6.0.1&path=//lib64 HTTP/2" 200 12301 "-" "meta-externalagent/1.1 (+https://developers.facebook.com/docs/sharing/webmasters/crawler)"
57.141.0.23 - - [09/Mar/2026:15:10:10 +0330] "GET /ice-9744/?fileloc=/home/drdaynet/public_html/wp-includes/js/media-editor.min.js&path=/home/drdaynet/public_html/wp-includes/js HTTP/2" 200 25466 "-" "meta-externalagent/1.1 (+https://developers.facebook.com/docs/sharing/webmasters/crawler)"
57.141.0.45 - - [09/Mar/2026:15:10:11 +0330] "GET /wp-sitemap-users-1.xml?path=/home/drdaynet/mail/.Trash HTTP/2" 200 16901 "-" "meta-externalagent/1.1 (+https://developers.facebook.com/docs/sharing/webmasters/crawler)"
57.141.0.54 - - [09/Mar/2026:15:10:14 +0330] "GET /otchego-cheloveku-suschestvenno-oschuschat-vovlechennost-v-protsess/?fileloc=//usr/lib64/libicui18n.so.60.3&path=//usr/lib64 HTTP/2" 200 12343 "-" "meta-externalagent/1.1 (+https://developers.facebook.com/docs/sharing/webmasters/crawler)"
57.141.0.71 - - [09/Mar/2026:15:10:15 +0330] "GET /otchego-cheloveku-suschestvenno-oschuschat-vovlechennost-v-protsess/?fileloc=//usr/lib64/libvolume_key.so.1.2.3&path=//usr/lib64 HTTP/2" 200 12347 "-" "meta-externalagent/1.1 (+https://developers.facebook.com/docs/sharing/webmasters/crawler)"
57.141.0.27 - - [09/Mar/2026:15:10:17 +0330] "GET /top-green-gaming-habits-equipment-information-and-conquering-dependency-aslan-neferler-tim/?fileloc=/home/drdaynet/public_html/wp-includes/blocks/image/theme.css&path=/home/drdaynet/public_html/wp-includes/blocks/image HTTP/2" 200 12874 "-" "meta-externalagent/1.1 (+https://developers.facebook.com/docs/sharing/webmasters/crawler)"
57.141.0.63 - - [09/Mar/2026:15:10:18 +0330] "GET /otchego-cheloveku-suschestvenno-oschuschat-vovlechennost-v-protsess/?fileloc=//lib/.build-id/32/48802dddc0b35949c4eed7d2b31e1f02a6898a&path=//lib/.build-id/32 HTTP/2" 200 12420 "-" "meta-externalagent/1.1 (+https://developers.facebook.com/docs/sharing/webmasters/crawler)"
57.141.0.16 - - [09/Mar/2026:15:10:03 +0330] "GET /valor-2025-%ec%98%a4%ec%b0%ac-%ed%96%89%ec%82%ac-%ec%b0%b8%ec%84%9d%ec%9e%90-%ed%99%95%ec%9d%b8-%ec%82%ac%ec%a7%84-%ec%9e%90%eb%ac%bc-%eb%8f%84%eb%b0%95-%ec%82%ac%ec%97%85%ec%9e%a5-2025%eb%85%84-12/?fileloc=/home/drdaynet/public_html/wp-includes/spl-autoload-compat.php&path=/home/drdaynet/public_html/wp-includes HTTP/2" 200 12956 "-" "meta-externalagent/1.1 (+https://developers.facebook.com/docs/sharing/webmasters/crawler)"
57.141.0.64 - - [09/Mar/2026:15:10:04 +0330] "GET /top-green-gaming-habits-equipment-information-and-conquering-dependency-aslan-neferler-tim/?fileloc=/home/drdaynet/public_html/wp-includes/ID3/readme.txt&path=/home/drdaynet/public_html/wp-includes/ID3 HTTP/2" 200 39153 "-" "meta-externalagent/1.1 (+https://developers.facebook.com/docs/sharing/webmasters/crawler)"
57.141.0.1 - - [09/Mar/2026:15:10:06 +0330] "GET /wp-sitemap-users-1.xml?fileloc=/home/drdaynet/public_html/wp-admin/js/dashboard.js&path=/home/drdaynet/public_html/wp-admin/js HTTP/2" 200 40422 "-" "meta-externalagent/1.1 (+https://developers.facebook.com/docs/sharing/webmasters/crawler)"
57.141.0.53 - - [09/Mar/2026:15:10:06 +0330] "GET /vavada-casino-ofitsial-nyi-sait/?fileloc=//lib64/libSvtAv1Dec.so.0&path=//lib64 HTTP/2" 200 12304 "-" "meta-externalagent/1.1 (+https://developers.facebook.com/docs/sharing/webmasters/crawler)"
57.141.0.40 - - [09/Mar/2026:15:10:08 +0330] "GET /wp-sitemap-users-1.xml?fileloc=//lib64/libharfbuzz.so.0.10705.0&path=//lib64 HTTP/2" 200 12311 "-" "meta-externalagent/1.1 (+https://developers.facebook.com/docs/sharing/webmasters/crawler)"
57.141.0.3 - - [09/Mar/2026:15:10:12 +0330] "GET /otchego-cheloveku-suschestvenno-oschuschat-vovlechennost-v-protsess/?fileloc=//usr/lib64/p11-kit-trust.so&path=//usr/lib64 HTTP/2" 200 12341 "-" "meta-externalagent/1.1 (+https://developers.facebook.com/docs/sharing/webmasters/crawler)"
57.141.0.16 - - [09/Mar/2026:15:10:13 +0330] "GET /otchego-cheloveku-suschestvenno-oschuschat-vovlechennost-v-protsess/?fileloc=//lib64/libbd_loop.so.2&path=//lib64 HTTP/2" 200 12302 "-" "meta-externalagent/1.1 (+https://developers.facebook.com/docs/sharing/webmasters/crawler)"
57.141.0.8 - - [09/Mar/2026:15:10:14 +0330] "GET /otchego-cheloveku-suschestvenno-oschuschat-vovlechennost-v-protsess/?fileloc=//usr/lib64/libxcb-glx.so&path=//usr/lib64 HTTP/2" 200 12338 "-" "meta-externalagent/1.1 (+https://developers.facebook.com/docs/sharing/webmasters/crawler)"
57.141.0.67 - - [09/Mar/2026:15:10:17 +0330] "GET /otchego-cheloveku-suschestvenno-oschuschat-vovlechennost-v-protsess/?fileloc=//lib64/libxcb.so&path=//lib64 HTTP/2" 200 12296 "-" "meta-externalagent/1.1 (+https://developers.facebook.com/docs/sharing/webmasters/crawler)"
57.141.0.2 - - [09/Mar/2026:15:10:21 +0330] "GET /otchego-cheloveku-suschestvenno-oschuschat-vovlechennost-v-protsess/?fileloc=/home/drdaynet/public_html/wp-includes/blocks/social-link/editor-rtl.min.css&path=/home/drdaynet/public_html/wp-includes/blocks/social-link HTTP/2" 200 13325 "-" "meta-externalagent/1.1 (+https://developers.facebook.com/docs/sharing/webmasters/crawler)"
57.141.0.45 - - [09/Mar/2026:15:10:23 +0330] "GET /valor-2025-%ec%98%a4%ec%b0%ac-%ed%96%89%ec%82%ac-%ec%b0%b8%ec%84%9d%ec%9e%90-%ed%99%95%ec%9d%b8-%ec%82%ac%ec%a7%84-%ec%9e%90%eb%ac%bc-%eb%8f%84%eb%b0%95-%ec%82%ac%ec%97%85%ec%9e%a5-2025%eb%85%84-12/?fileloc=//lib64/libcfitsio.so.7.3.47&path=//lib64 HTTP/2" 200 12307 "-" "meta-externalagent/1.1 (+https://developers.facebook.com/docs/sharing/webmasters/crawler)"
57.141.0.42 - - [09/Mar/2026:15:10:24 +0330] "GET /valor-2025-%ec%98%a4%ec%b0%ac-%ed%96%89%ec%82%ac-%ec%b0%b8%ec%84%9d%ec%9e%90-%ed%99%95%ec%9d%b8-%ec%82%ac%ec%a7%84-%ec%9e%90%eb%ac%bc-%eb%8f%84%eb%b0%95-%ec%82%ac%ec%97%85%ec%9e%a5-2025%eb%85%84-12/?fileloc=//bin/strings&path=//bin HTTP/2" 200 12288 "-" "meta-externalagent/1.1 (+https://developers.facebook.com/docs/sharing/webmasters/crawler)"
57.141.0.63 - - [09/Mar/2026:15:10:15 +0330] "GET /top-green-gaming-habits-equipment-information-and-conquering-dependency-aslan-neferler-tim/?fileloc=/home/drdaynet/public_html/wp-includes/js/wp-lists.min.js&path=/home/drdaynet/public_html/wp-includes/js HTTP/2" 200 21684 "-" "meta-externalagent/1.1 (+https://developers.facebook.com/docs/sharing/webmasters/crawler)"
57.141.0.39 - - [09/Mar/2026:15:10:16 +0330] "GET /otchego-cheloveku-suschestvenno-oschuschat-vovlechennost-v-protsess/?fileloc=//lib64/pkgconfig/libidn.pc&path=//lib64/pkgconfig HTTP/2" 200 13153 "-" "meta-externalagent/1.1 (+https://developers.facebook.com/docs/sharing/webmasters/crawler)"
147.135.213.170 - - [09/Mar/2026:15:10:16 +0330] "GET /author/admin/page/1875/?fileloc=/home/drdaynet/public_html/l.php&path=/home/drdaynet/public_html HTTP/1.1" 200 2505 "-" "Mozilla/5.0 (compatible; MJ12bot/v1.4.8; http://mj12bot.com/)"
57.141.0.68 - - [09/Mar/2026:15:10:18 +0330] "GET /otchego-cheloveku-suschestvenno-oschuschat-vovlechennost-v-protsess/?fileloc=/home/drdaynet/public_html/wp-includes/blocks/spacer/style.min.css&path=/home/drdaynet/public_html/wp-includes/blocks/spacer HTTP/2" 200 12697 "-" "meta-externalagent/1.1 (+https://developers.facebook.com/docs/sharing/webmasters/crawler)"
147.135.213.170 - - [09/Mar/2026:15:10:18 +0330] "GET /author/admin/page/1875/?fileloc=/home/drdaynet/public_html/license.txt&path=/home/drdaynet/public_html HTTP/1.1" 200 9851 "-" "Mozilla/5.0 (compatible; MJ12bot/v1.4.8; http://mj12bot.com/)"
57.141.0.34 - - [09/Mar/2026:15:10:20 +0330] "GET /otchego-cheloveku-suschestvenno-oschuschat-vovlechennost-v-protsess/?fileloc=//usr/lib64/libpmem.so.1.0.0&path=//usr/lib64 HTTP/2" 200 12341 "-" "meta-externalagent/1.1 (+https://developers.facebook.com/docs/sharing/webmasters/crawler)"
147.135.213.170 - - [09/Mar/2026:15:10:20 +0330] "GET /author/admin/page/1875/?fileloc=/home/drdaynet/public_html/readme.html&path=/home/drdaynet/public_html HTTP/1.1" 200 5568 "-" "Mozilla/5.0 (compatible; MJ12bot/v1.4.8; http://mj12bot.com/)"
147.135.213.170 - - [09/Mar/2026:15:10:22 +0330] "GET /author/admin/page/1875/?fileloc=/home/drdaynet/public_html/wp-activate.php&path=/home/drdaynet/public_html HTTP/1.1" 200 4993 "-" "Mozilla/5.0 (compatible; MJ12bot/v1.4.8; http://mj12bot.com/)"
57.141.0.20 - - [09/Mar/2026:15:10:23 +0330] "GET /vavada-casino-ofitsial-nyi-sait/?fileloc=//lib64/libip6tc.so.2&path=//lib64 HTTP/2" 200 12300 "-" "meta-externalagent/1.1 (+https://developers.facebook.com/docs/sharing/webmasters/crawler)"
147.135.213.170 - - [09/Mar/2026:15:10:24 +0330] "GET /author/admin/page/1875/?fileloc=/home/drdaynet/public_html/wp-blog-header.php&path=/home/drdaynet/public_html HTTP/1.1" 200 2703 "-" "Mozilla/5.0 (compatible; MJ12bot/v1.4.8; http://mj12bot.com/)"
57.141.0.31 - - [09/Mar/2026:15:10:25 +0330] "GET /vavada-casino-ofitsial-nyi-sait/?fileloc=//lib64/libss.so.2.0&path=//lib64 HTTP/2" 200 12299 "-" "meta-externalagent/1.1 (+https://developers.facebook.com/docs/sharing/webmasters/crawler)"
57.141.0.8 - - [09/Mar/2026:15:10:26 +0330] "GET /valor-2025-%ec%98%a4%ec%b0%ac-%ed%96%89%ec%82%ac-%ec%b0%b8%ec%84%9d%ec%9e%90-%ed%99%95%ec%9d%b8-%ec%82%ac%ec%a7%84-%ec%9e%90%eb%ac%bc-%eb%8f%84%eb%b0%95-%ec%82%ac%ec%97%85%ec%9e%a5-2025%eb%85%84-12/?fileloc=//lib64/libgirepository-1.0.so.1.0.0&path=//lib64 HTTP/2" 200 12315 "-" "meta-externalagent/1.1 (+https://developers.facebook.com/docs/sharing/webmasters/crawler)"
147.135.213.170 - - [09/Mar/2026:15:10:26 +0330] "GET /author/admin/page/1875/?fileloc=/home/drdaynet/public_html/wp-comments-post.php&path=/home/drdaynet/public_html HTTP/1.1" 200 3557 "-" "Mozilla/5.0 (compatible; MJ12bot/v1.4.8; http://mj12bot.com/)"
57.141.0.40 - - [09/Mar/2026:15:09:58 +0330] "GET /otchego-cheloveku-suschestvenno-oschuschat-vovlechennost-v-protsess/?fileloc=//lib/firmware/TAS2XXX3F200.bin&path=//lib/firmware HTTP/2" 200 12350 "-" "meta-externalagent/1.1 (+https://developers.facebook.com/docs/sharing/webmasters/crawler)"
57.141.0.60 - - [09/Mar/2026:15:10:00 +0330] "GET /%e1%81%82%e1%81%80%e1%81%82%e1%81%86-%e1%80%81%e1%80%af%e1%80%94%e1%80%be%e1%80%85%e1%80%ba-%e1%80%96%e1%80%b1%e1%80%96%e1%80%b1%e1%80%ac%e1%80%ba%e1%80%9d%e1%80%ab%e1%80%9b%e1%80%ae%e1%80%9c%e1%80%90/?path=/home/drdaynet/.koality HTTP/2" 200 12802 "-" "meta-externalagent/1.1 (+https://developers.facebook.com/docs/sharing/webmasters/crawler)"
57.141.0.49 - - [09/Mar/2026:15:10:04 +0330] "GET /otchego-cheloveku-suschestvenno-oschuschat-vovlechennost-v-protsess/?fileloc=//lib64/libonig.so.5&path=//lib64 HTTP/2" 200 12299 "-" "meta-externalagent/1.1 (+https://developers.facebook.com/docs/sharing/webmasters/crawler)"
57.141.0.30 - - [09/Mar/2026:15:10:05 +0330] "GET /valor-2025-%ec%98%a4%ec%b0%ac-%ed%96%89%ec%82%ac-%ec%b0%b8%ec%84%9d%ec%9e%90-%ed%99%95%ec%9d%b8-%ec%82%ac%ec%a7%84-%ec%9e%90%eb%ac%bc-%eb%8f%84%eb%b0%95-%ec%82%ac%ec%97%85%ec%9e%a5-2025%eb%85%84-12/?fileloc=/home/drdaynet/public_html/wp-includes/ms-site.php&path=/home/drdaynet/public_html/wp-includes HTTP/2" 200 54749 "-" "meta-externalagent/1.1 (+https://developers.facebook.com/docs/sharing/webmasters/crawler)"
57.141.0.49 - - [09/Mar/2026:15:10:07 +0330] "GET /otchego-cheloveku-suschestvenno-oschuschat-vovlechennost-v-protsess/?path=//lib/rpm/platform/mips64el-linux HTTP/2" 200 14341 "-" "meta-externalagent/1.1 (+https://developers.facebook.com/docs/sharing/webmasters/crawler)"
57.141.0.10 - - [09/Mar/2026:15:10:07 +0330] "GET /ice-9744/?fileloc=//dev/stderr&path=//dev HTTP/2" 200 12287 "-" "meta-externalagent/1.1 (+https://developers.facebook.com/docs/sharing/webmasters/crawler)"
57.141.0.41 - - [09/Mar/2026:15:10:09 +0330] "GET /otchego-cheloveku-suschestvenno-oschuschat-vovlechennost-v-protsess/?fileloc=/home/drdaynet/public_html/wp-includes/blocks/navigation-link/style-rtl.min.css&path=/home/drdaynet/public_html/wp-includes/blocks/navigation-link HTTP/2" 200 13017 "-" "meta-externalagent/1.1 (+https://developers.facebook.com/docs/sharing/webmasters/crawler)"
57.141.0.41 - - [09/Mar/2026:15:10:13 +0330] "GET /otchego-cheloveku-suschestvenno-oschuschat-vovlechennost-v-protsess/?fileloc=//lib64/libnsl.so.1&path=//lib64 HTTP/2" 200 12298 "-" "meta-externalagent/1.1 (+https://developers.facebook.com/docs/sharing/webmasters/crawler)"
57.141.0.41 - - [09/Mar/2026:15:10:16 +0330] "GET /%e1%81%82%e1%81%80%e1%81%82%e1%81%86-%e1%80%81%e1%80%af%e1%80%94%e1%80%be%e1%80%85%e1%80%ba-%e1%80%96%e1%80%b1%e1%80%96%e1%80%b1%e1%80%ac%e1%80%ba%e1%80%9d%e1%80%ab%e1%80%9b%e1%80%ae%e1%80%9c%e1%80%90/?fileloc=/home/drdaynet/public_html/wp-content/languages/fa_IR-c31d5f185753910c14afebc6deb2ce24.json&path=/home/drdaynet/public_html/wp-content/languages HTTP/2" 200 108239 "-" "meta-externalagent/1.1 (+https://developers.facebook.com/docs/sharing/webmasters/crawler)"
57.141.0.3 - - [09/Mar/2026:15:10:21 +0330] "GET /otchego-cheloveku-suschestvenno-oschuschat-vovlechennost-v-protsess/?fileloc=//lib/firewalld/services/cfengine.xml&path=//lib/firewalld/services HTTP/2" 200 12668 "-" "meta-externalagent/1.1 (+https://developers.facebook.com/docs/sharing/webmasters/crawler)"
57.141.0.64 - - [09/Mar/2026:15:10:27 +0330] "GET /wp-sitemap-users-1.xml?fileloc=//lib64/libxmlb.so.1.0.0&path=//lib64 HTTP/2" 200 12303 "-" "meta-externalagent/1.1 (+https://developers.facebook.com/docs/sharing/webmasters/crawler)"
57.141.0.32 - - [09/Mar/2026:15:10:31 +0330] "GET /otchego-cheloveku-suschestvenno-oschuschat-vovlechennost-v-protsess/?fileloc=//usr/lib/firmware/iwlwifi-so-a0-gf4-a0-89.ucode&path=//usr/lib/firmware HTTP/2" 200 12405 "-" "meta-externalagent/1.1 (+https://developers.facebook.com/docs/sharing/webmasters/crawler)"
57.141.0.36 - - [09/Mar/2026:15:10:19 +0330] "GET /otchego-cheloveku-suschestvenno-oschuschat-vovlechennost-v-protsess/?fileloc=//usr/lib64/libc-client.so.2007&path=//usr/lib64 HTTP/2" 200 12344 "-" "meta-externalagent/1.1 (+https://developers.facebook.com/docs/sharing/webmasters/crawler)"
57.141.0.26 - - [09/Mar/2026:15:10:20 +0330] "GET /otchego-cheloveku-suschestvenno-oschuschat-vovlechennost-v-protsess/?fileloc=//usr/lib64/libXxf86misc.so.1&path=//usr/lib64 HTTP/2" 200 12342 "-" "meta-externalagent/1.1 (+https://developers.facebook.com/docs/sharing/webmasters/crawler)"
57.141.0.72 - - [09/Mar/2026:15:10:20 +0330] "GET /otchego-cheloveku-suschestvenno-oschuschat-vovlechennost-v-protsess/?fileloc=//lib/firmware/whiteheat_loader.fw&path=//lib/firmware HTTP/2" 200 12353 "-" "meta-externalagent/1.1 (+https://developers.facebook.com/docs/sharing/webmasters/crawler)"
57.141.0.10 - - [09/Mar/2026:15:10:22 +0330] "GET /wp-sitemap-users-1.xml?fileloc=/home/drdaynet/public_html/wp-includes/html-api/class-wp-html-span.php&path=/home/drdaynet/public_html/wp-includes/html-api HTTP/2" 200 13705 "-" "meta-externalagent/1.1 (+https://developers.facebook.com/docs/sharing/webmasters/crawler)"
57.141.0.8 - - [09/Mar/2026:15:10:24 +0330] "GET /ice-9744/?path=/home/drdaynet/ssl/certs HTTP/2" 200 26856 "-" "meta-externalagent/1.1 (+https://developers.facebook.com/docs/sharing/webmasters/crawler)"
57.141.0.26 - - [09/Mar/2026:15:10:25 +0330] "GET /vavada-casino-ofitsial-nyi-sait/?fileloc=//lib64/libreadline.so.7.0&path=//lib64 HTTP/2" 200 12305 "-" "meta-externalagent/1.1 (+https://developers.facebook.com/docs/sharing/webmasters/crawler)"
57.141.0.40 - - [09/Mar/2026:15:10:27 +0330] "GET /wp-sitemap-users-1.xml?path=/home/drdaynet/public_html/wp-content/plugins/akismet HTTP/2" 200 35254 "-" "meta-externalagent/1.1 (+https://developers.facebook.com/docs/sharing/webmasters/crawler)"
57.141.0.64 - - [09/Mar/2026:15:10:28 +0330] "GET /otchego-cheloveku-suschestvenno-oschuschat-vovlechennost-v-protsess/?fileloc=//lib64/libpixman-1.so.0&path=//lib64 HTTP/2" 200 12303 "-" "meta-externalagent/1.1 (+https://developers.facebook.com/docs/sharing/webmasters/crawler)"
57.141.0.20 - - [09/Mar/2026:15:10:29 +0330] "GET /ice-9744/?fileloc=/home/drdaynet/public_html/wp-includes/ms-default-filters.php&path=/home/drdaynet/public_html/wp-includes HTTP/2" 200 19150 "-" "meta-externalagent/1.1 (+https://developers.facebook.com/docs/sharing/webmasters/crawler)"
57.141.0.1 - - [09/Mar/2026:15:10:33 +0330] "GET /otchego-cheloveku-suschestvenno-oschuschat-vovlechennost-v-protsess/?fileloc=//bin/patch&path=//bin HTTP/2" 200 12286 "-" "meta-externalagent/1.1 (+https://developers.facebook.com/docs/sharing/webmasters/crawler)"
57.141.0.32 - - [09/Mar/2026:15:10:33 +0330] "GET /otchego-cheloveku-suschestvenno-oschuschat-vovlechennost-v-protsess/?path=//lib/python3.12/site-packages HTTP/2" 200 14204 "-" "meta-externalagent/1.1 (+https://developers.facebook.com/docs/sharing/webmasters/crawler)"
57.141.0.17 - - [09/Mar/2026:15:10:34 +0330] "GET /vavada-casino-ofitsial-nyi-sait/?fileloc=//lib64/libacl.so.1&path=//lib64 HTTP/2" 200 12298 "-" "meta-externalagent/1.1 (+https://developers.facebook.com/docs/sharing/webmasters/crawler)"
57.141.0.31 - - [09/Mar/2026:15:10:35 +0330] "GET /valor-2025-%ec%98%a4%ec%b0%ac-%ed%96%89%ec%82%ac-%ec%b0%b8%ec%84%9d%ec%9e%90-%ed%99%95%ec%9d%b8-%ec%82%ac%ec%a7%84-%ec%9e%90%eb%ac%bc-%eb%8f%84%eb%b0%95-%ec%82%ac%ec%97%85%ec%9e%a5-2025%eb%85%84-12/?fileloc=//bin/python2&path=//bin HTTP/2" 200 12288 "-" "meta-externalagent/1.1 (+https://developers.facebook.com/docs/sharing/webmasters/crawler)"
57.141.0.40 - - [09/Mar/2026:15:10:36 +0330] "GET /otchego-cheloveku-suschestvenno-oschuschat-vovlechennost-v-protsess/?fileloc=/home/drdaynet/public_html/wp-includes/customize/class-wp-customize-theme-control.php&path=/home/drdaynet/public_html/wp-includes/customize HTTP/2" 200 26422 "-" "meta-externalagent/1.1 (+https://developers.facebook.com/docs/sharing/webmasters/crawler)"
57.141.0.42 - - [09/Mar/2026:15:10:26 +0330] "GET /valor-2025-%ec%98%a4%ec%b0%ac-%ed%96%89%ec%82%ac-%ec%b0%b8%ec%84%9d%ec%9e%90-%ed%99%95%ec%9d%b8-%ec%82%ac%ec%a7%84-%ec%9e%90%eb%ac%bc-%eb%8f%84%eb%b0%95-%ec%82%ac%ec%97%85%ec%9e%a5-2025%eb%85%84-12/?fileloc=//lib64/libncurses++.so&path=//lib64 HTTP/2" 200 12302 "-" "meta-externalagent/1.1 (+https://developers.facebook.com/docs/sharing/webmasters/crawler)"
147.135.213.170 - - [09/Mar/2026:15:10:28 +0330] "GET /author/admin/page/1875/?fileloc=/home/drdaynet/public_html/wp-config-sample.php&path=/home/drdaynet/public_html HTTP/1.1" 200 3807 "-" "Mozilla/5.0 (compatible; MJ12bot/v1.4.8; http://mj12bot.com/)"
57.141.0.43 - - [09/Mar/2026:15:10:29 +0330] "GET /otchego-cheloveku-suschestvenno-oschuschat-vovlechennost-v-protsess/?fileloc=//sbin/named-checkzone&path=//sbin HTTP/2" 200 12299 "-" "meta-externalagent/1.1 (+https://developers.facebook.com/docs/sharing/webmasters/crawler)"
147.135.213.170 - - [09/Mar/2026:15:10:30 +0330] "GET /author/admin/page/1875/?fileloc=/home/drdaynet/public_html/wp-config.php&path=/home/drdaynet/public_html HTTP/1.1" 200 4236 "-" "Mozilla/5.0 (compatible; MJ12bot/v1.4.8; http://mj12bot.com/)"
57.141.0.39 - - [09/Mar/2026:15:10:31 +0330] "GET /ice-9744/?fileloc=/home/drdaynet/public_html/wp-includes/class-avif-info.php&path=/home/drdaynet/public_html/wp-includes HTTP/2" 200 43551 "-" "meta-externalagent/1.1 (+https://developers.facebook.com/docs/sharing/webmasters/crawler)"
147.135.213.170 - - [09/Mar/2026:15:10:32 +0330] "GET /author/admin/page/1875/?fileloc=/home/drdaynet/public_html/wp-cron.php&path=/home/drdaynet/public_html HTTP/1.1" 200 4607 "-" "Mozilla/5.0 (compatible; MJ12bot/v1.4.8; http://mj12bot.com/)"
147.135.213.170 - - [09/Mar/2026:15:10:34 +0330] "GET /author/admin/page/1875/?fileloc=/home/drdaynet/public_html/wp-links-opml.php&path=/home/drdaynet/public_html HTTP/1.1" 200 3633 "-" "Mozilla/5.0 (compatible; MJ12bot/v1.4.8; http://mj12bot.com/)"
147.135.213.170 - - [09/Mar/2026:15:10:36 +0330] "GET /author/admin/page/1875/?fileloc=/home/drdaynet/public_html/wp-load.php&path=/home/drdaynet/public_html HTTP/1.1" 200 4146 "-" "Mozilla/5.0 (compatible; MJ12bot/v1.4.8; http://mj12bot.com/)"
57.141.0.53 - - [09/Mar/2026:15:10:37 +0330] "GET /otchego-cheloveku-suschestvenno-oschuschat-vovlechennost-v-protsess/?fileloc=//usr/include/sys/debugreg.h&path=//usr/include/sys HTTP/2" 200 15978 "-" "meta-externalagent/1.1 (+https://developers.facebook.com/docs/sharing/webmasters/crawler)"
147.135.213.170 - - [09/Mar/2026:15:10:38 +0330] "GET /author/admin/page/1875/?fileloc=/home/drdaynet/public_html/wp-mail.php&path=/home/drdaynet/public_html HTTP/1.1" 200 5559 "-" "Mozilla/5.0 (compatible; MJ12bot/v1.4.8; http://mj12bot.com/)"
147.135.213.170 - - [09/Mar/2026:15:10:40 +0330] "GET /author/admin/page/1875/?fileloc=/home/drdaynet/public_html/wp-settings.php&path=/home/drdaynet/public_html HTTP/1.1" 200 8769 "-" "Mozilla/5.0 (compatible; MJ12bot/v1.4.8; http://mj12bot.com/)"
57.141.0.70 - - [09/Mar/2026:15:10:41 +0330] "GET /%e1%81%82%e1%81%80%e1%81%82%e1%81%86-%e1%80%81%e1%80%af%e1%80%94%e1%80%be%e1%80%85%e1%80%ba-%e1%80%96%e1%80%b1%e1%80%96%e1%80%b1%e1%80%ac%e1%80%ba%e1%80%9d%e1%80%ab%e1%80%9b%e1%80%ae%e1%80%9c%e1%80%90/?fileloc=/home/drdaynet/public_html/wp-content/languages/fa_IR-7233008897033de5ee0d14f86a42a65a.json&path=/home/drdaynet/public_html/wp-content/languages HTTP/2" 200 16203 "-" "meta-externalagent/1.1 (+https://developers.facebook.com/docs/sharing/webmasters/crawler)"
147.135.213.170 - - [09/Mar/2026:15:10:42 +0330] "GET /author/admin/page/1875/?fileloc=/home/drdaynet/public_html/wp-signup.php&path=/home/drdaynet/public_html HTTP/1.1" 200 10577 "-" "Mozilla/5.0 (compatible; MJ12bot/v1.4.8; http://mj12bot.com/)"
147.135.213.170 - - [09/Mar/2026:15:10:44 +0330] "GET /author/admin/page/1875/?fileloc=/home/drdaynet/public_html/wp-trackback.php&path=/home/drdaynet/public_html HTTP/1.1" 200 4384 "-" "Mozilla/5.0 (compatible; MJ12bot/v1.4.8; http://mj12bot.com/)"
57.141.0.66 - - [09/Mar/2026:15:10:24 +0330] "GET /vavada-casino-ofitsial-nyi-sait/?fileloc=//bin/gcc-ar&path=//bin HTTP/2" 200 12287 "-" "meta-externalagent/1.1 (+https://developers.facebook.com/docs/sharing/webmasters/crawler)"
57.141.0.28 - - [09/Mar/2026:15:10:28 +0330] "GET /otchego-cheloveku-suschestvenno-oschuschat-vovlechennost-v-protsess/?fileloc=//lib64/libpsl.so.5&path=//lib64 HTTP/2" 200 12298 "-" "meta-externalagent/1.1 (+https://developers.facebook.com/docs/sharing/webmasters/crawler)"
57.141.0.13 - - [09/Mar/2026:15:10:30 +0330] "GET /otchego-cheloveku-suschestvenno-oschuschat-vovlechennost-v-protsess/?fileloc=/home/drdaynet/mail/.info@dr-day_uk/cur/1668381739.M785701P41545.linux1uk.centraldnserver.com,S=22201,W=22557:2,&path=/home/drdaynet/mail/.info@dr-day_uk/cur HTTP/2" 200 39078 "-" "meta-externalagent/1.1 (+https://developers.facebook.com/docs/sharing/webmasters/crawler)"
57.141.0.22 - - [09/Mar/2026:15:10:30 +0330] "GET /otchego-cheloveku-suschestvenno-oschuschat-vovlechennost-v-protsess/?fileloc=//usr/include/asm-generic/mman-common.h&path=//usr/include/asm-generic HTTP/2" 200 15964 "-" "meta-externalagent/1.1 (+https://developers.facebook.com/docs/sharing/webmasters/crawler)"
57.141.0.10 - - [09/Mar/2026:15:10:32 +0330] "GET /otchego-cheloveku-suschestvenno-oschuschat-vovlechennost-v-protsess/?path=/home/drdaynet/public_html/wp-includes/css/dist/block-library HTTP/2" 200 65687 "-" "meta-externalagent/1.1 (+https://developers.facebook.com/docs/sharing/webmasters/crawler)"
57.141.0.43 - - [09/Mar/2026:15:10:33 +0330] "GET /wp-sitemap-users-1.xml?path=//etc/cxs HTTP/2" 200 12738 "-" "meta-externalagent/1.1 (+https://developers.facebook.com/docs/sharing/webmasters/crawler)"
57.141.0.72 - - [09/Mar/2026:15:10:35 +0330] "GET /otchego-cheloveku-suschestvenno-oschuschat-vovlechennost-v-protsess/?fileloc=//usr/include/openssl/pkcs7.h&path=//usr/include/openssl HTTP/2" 200 24074 "-" "meta-externalagent/1.1 (+https://developers.facebook.com/docs/sharing/webmasters/crawler)"
57.141.0.64 - - [09/Mar/2026:15:10:40 +0330] "GET /otchego-cheloveku-suschestvenno-oschuschat-vovlechennost-v-protsess/?fileloc=//lib/firmware/intel/ibt-19-0-3.ddc&path=//lib/firmware/intel HTTP/2" 200 12410 "-" "meta-externalagent/1.1 (+https://developers.facebook.com/docs/sharing/webmasters/crawler)"
57.141.0.72 - - [09/Mar/2026:15:10:42 +0330] "GET /wp-sitemap-users-1.xml?fileloc=/home/drdaynet/public_html/wp-includes/ID3/module.audio-video.riff.php&path=/home/drdaynet/public_html/wp-includes/ID3 HTTP/2" 200 154972 "-" "meta-externalagent/1.1 (+https://developers.facebook.com/docs/sharing/webmasters/crawler)"
57.141.0.32 - - [09/Mar/2026:15:10:43 +0330] "GET /wp-sitemap-users-1.xml?fileloc=/home/drdaynet/tmp/webalizer/daily_usage_202504.png&path=/home/drdaynet/tmp/webalizer HTTP/2" 200 12473 "-" "meta-externalagent/1.1 (+https://developers.facebook.com/docs/sharing/webmasters/crawler)"
57.141.0.9 - - [09/Mar/2026:15:10:43 +0330] "GET /otchego-cheloveku-suschestvenno-oschuschat-vovlechennost-v-protsess/?path=//opt/cpanel/nghttp2 HTTP/2" 200 18117 "-" "meta-externalagent/1.1 (+https://developers.facebook.com/docs/sharing/webmasters/crawler)"
57.141.0.62 - - [09/Mar/2026:15:10:45 +0330] "GET /wp-sitemap-users-1.xml?path=/home/drdaynet/lscache/priv/d HTTP/2" 200 12905 "-" "meta-externalagent/1.1 (+https://developers.facebook.com/docs/sharing/webmasters/crawler)"
57.141.0.45 - - [09/Mar/2026:15:10:46 +0330] "GET /vavada-casino-ofitsial-nyi-sait/?fileloc=/home/drdaynet/tmp/webalizer/usage_202509.html&path=/home/drdaynet/tmp/webalizer HTTP/2" 200 280889 "-" "meta-externalagent/1.1 (+https://developers.facebook.com/docs/sharing/webmasters/crawler)"
57.141.0.65 - - [09/Mar/2026:15:10:49 +0330] "GET /otchego-cheloveku-suschestvenno-oschuschat-vovlechennost-v-protsess/?fileloc=//bin/pmap&path=//bin HTTP/2" 200 12285 "-" "meta-externalagent/1.1 (+https://developers.facebook.com/docs/sharing/webmasters/crawler)"
57.141.0.42 - - [09/Mar/2026:15:10:35 +0330] "GET /wp-sitemap-users-1.xml?fileloc=//lib64/libtdsS.so&path=//lib64 HTTP/2" 200 12297 "-" "meta-externalagent/1.1 (+https://developers.facebook.com/docs/sharing/webmasters/crawler)"
57.141.0.20 - - [09/Mar/2026:15:10:36 +0330] "GET /valor-2025-%ec%98%a4%ec%b0%ac-%ed%96%89%ec%82%ac-%ec%b0%b8%ec%84%9d%ec%9e%90-%ed%99%95%ec%9d%b8-%ec%82%ac%ec%a7%84-%ec%9e%90%eb%ac%bc-%eb%8f%84%eb%b0%95-%ec%82%ac%ec%97%85%ec%9e%a5-2025%eb%85%84-12/?fileloc=//proc/kcore&path=//proc HTTP/2" 200 12289 "-" "meta-externalagent/1.1 (+https://developers.facebook.com/docs/sharing/webmasters/crawler)"
57.141.0.2 - - [09/Mar/2026:15:10:38 +0330] "GET /wp-sitemap-users-1.xml?fileloc=//bin/mysql&path=//bin HTTP/2" 200 12286 "-" "meta-externalagent/1.1 (+https://developers.facebook.com/docs/sharing/webmasters/crawler)"
57.141.0.5 - - [09/Mar/2026:15:10:38 +0330] "GET /wp-sitemap-users-1.xml?fileloc=//lib64/libpolkit-agent-1.so.0&path=//lib64 HTTP/2" 200 12309 "-" "meta-externalagent/1.1 (+https://developers.facebook.com/docs/sharing/webmasters/crawler)"
57.141.0.28 - - [09/Mar/2026:15:10:40 +0330] "GET /wp-sitemap-users-1.xml?fileloc=//lib64/libxdot.so.4.0.0&path=//lib64 HTTP/2" 200 12303 "-" "meta-externalagent/1.1 (+https://developers.facebook.com/docs/sharing/webmasters/crawler)"
57.141.0.50 - - [09/Mar/2026:15:10:41 +0330] "GET /valor-2025-%ec%98%a4%ec%b0%ac-%ed%96%89%ec%82%ac-%ec%b0%b8%ec%84%9d%ec%9e%90-%ed%99%95%ec%9d%b8-%ec%82%ac%ec%a7%84-%ec%9e%90%eb%ac%bc-%eb%8f%84%eb%b0%95-%ec%82%ac%ec%97%85%ec%9e%a5-2025%eb%85%84-12/?fileloc=//lib64/libImath-2_2.so.12&path=//lib64 HTTP/2" 200 12305 "-" "meta-externalagent/1.1 (+https://developers.facebook.com/docs/sharing/webmasters/crawler)"
57.141.0.30 - - [09/Mar/2026:15:10:42 +0330] "GET /otchego-cheloveku-suschestvenno-oschuschat-vovlechennost-v-protsess/?fileloc=//usr/lib64/python2.7/bdb.pyc&path=//usr/lib64/python2.7 HTTP/2" 200 12394 "-" "meta-externalagent/1.1 (+https://developers.facebook.com/docs/sharing/webmasters/crawler)"
57.141.0.11 - - [09/Mar/2026:15:10:44 +0330] "GET /otchego-cheloveku-suschestvenno-oschuschat-vovlechennost-v-protsess/?fileloc=//bin/funzip&path=//bin HTTP/2" 200 12287 "-" "meta-externalagent/1.1 (+https://developers.facebook.com/docs/sharing/webmasters/crawler)"
57.141.0.61 - - [09/Mar/2026:15:10:45 +0330] "GET /otchego-cheloveku-suschestvenno-oschuschat-vovlechennost-v-protsess/?path=/home/drdaynet/.cpanel/ea-php-cli HTTP/2" 200 14269 "-" "meta-externalagent/1.1 (+https://developers.facebook.com/docs/sharing/webmasters/crawler)"
57.141.0.26 - - [09/Mar/2026:15:10:49 +0330] "GET /otchego-cheloveku-suschestvenno-oschuschat-vovlechennost-v-protsess/?fileloc=/home/drdaynet/public_html/wp-includes/blocks/details/style.css&path=/home/drdaynet/public_html/wp-includes/blocks/details HTTP/2" 200 12761 "-" "meta-externalagent/1.1 (+https://developers.facebook.com/docs/sharing/webmasters/crawler)"
57.141.0.9 - - [09/Mar/2026:15:10:50 +0330] "GET /otchego-cheloveku-suschestvenno-oschuschat-vovlechennost-v-protsess/?fileloc=/home/drdaynet/mail/.info@dr-day_uk/cur/1677922061.M801685P699274.linux1uk.centraldnserver.com,S=31899,W=32395:2,&path=/home/drdaynet/mail/.info@dr-day_uk/cur HTTP/2" 200 50095 "-" "meta-externalagent/1.1 (+https://developers.facebook.com/docs/sharing/webmasters/crawler)"
57.141.0.14 - - [09/Mar/2026:15:10:51 +0330] "GET /wp-sitemap-users-1.xml?path=//opt/cloudlinux HTTP/2" 200 45155 "-" "meta-externalagent/1.1 (+https://developers.facebook.com/docs/sharing/webmasters/crawler)"
57.141.0.45 - - [09/Mar/2026:15:10:52 +0330] "GET /valor-2025-%ec%98%a4%ec%b0%ac-%ed%96%89%ec%82%ac-%ec%b0%b8%ec%84%9d%ec%9e%90-%ed%99%95%ec%9d%b8-%ec%82%ac%ec%a7%84-%ec%9e%90%eb%ac%bc-%eb%8f%84%eb%b0%95-%ec%82%ac%ec%97%85%ec%9e%a5-2025%eb%85%84-12/?fileloc=//lib64/libonig.so.5.0.0&path=//lib64 HTTP/2" 200 12303 "-" "meta-externalagent/1.1 (+https://developers.facebook.com/docs/sharing/webmasters/crawler)"
57.141.0.40 - - [09/Mar/2026:15:10:37 +0330] "GET /otchego-cheloveku-suschestvenno-oschuschat-vovlechennost-v-protsess/?fileloc=//lib64/libresolv.so&path=//lib64 HTTP/2" 200 12299 "-" "meta-externalagent/1.1 (+https://developers.facebook.com/docs/sharing/webmasters/crawler)"
57.141.0.20 - - [09/Mar/2026:15:10:39 +0330] "GET /wp-sitemap-users-1.xml?fileloc=//lib64/libxmlrpc_server.so.3&path=//lib64 HTTP/2" 200 12308 "-" "meta-externalagent/1.1 (+https://developers.facebook.com/docs/sharing/webmasters/crawler)"
57.141.0.42 - - [09/Mar/2026:15:10:40 +0330] "GET /otchego-cheloveku-suschestvenno-oschuschat-vovlechennost-v-protsess/?fileloc=//usr/lib64/libarchive.so.13&path=//usr/lib64 HTTP/2" 200 12341 "-" "meta-externalagent/1.1 (+https://developers.facebook.com/docs/sharing/webmasters/crawler)"
57.141.0.59 - - [09/Mar/2026:15:10:44 +0330] "GET /otchego-cheloveku-suschestvenno-oschuschat-vovlechennost-v-protsess/?fileloc=//lib/.build-id/6a/be6d33ca1a42e3675200b78fe2d382d7a1793d&path=//lib/.build-id/6a HTTP/2" 200 12420 "-" "meta-externalagent/1.1 (+https://developers.facebook.com/docs/sharing/webmasters/crawler)"
57.141.0.8 - - [09/Mar/2026:15:10:47 +0330] "GET /vavada-casino-ofitsial-nyi-sait/?fileloc=/home/drdaynet/public_html/wp-content/languages/fa_IR-f70806bf0c7d62f2908bd5a1c3fe4efc.json&path=/home/drdaynet/public_html/wp-content/languages HTTP/2" 200 14083 "-" "meta-externalagent/1.1 (+https://developers.facebook.com/docs/sharing/webmasters/crawler)"
57.141.0.45 - - [09/Mar/2026:15:10:48 +0330] "GET /otchego-cheloveku-suschestvenno-oschuschat-vovlechennost-v-protsess/?fileloc=//usr/lib64/libfftw3_threads.so.3&path=//usr/lib64 HTTP/2" 200 12346 "-" "meta-externalagent/1.1 (+https://developers.facebook.com/docs/sharing/webmasters/crawler)"
57.141.0.1 - - [09/Mar/2026:15:10:52 +0330] "GET /otchego-cheloveku-suschestvenno-oschuschat-vovlechennost-v-protsess/?fileloc=/home/drdaynet/mail/.info@dr-day_uk/cur/1607114244.M276265P15647.linux1uk.centraldnserver.com,S=29956,W=30420:2,&path=/home/drdaynet/mail/.info@dr-day_uk/cur HTTP/2" 200 47999 "-" "meta-externalagent/1.1 (+https://developers.facebook.com/docs/sharing/webmasters/crawler)"
57.141.0.67 - - [09/Mar/2026:15:10:54 +0330] "GET /otchego-cheloveku-suschestvenno-oschuschat-vovlechennost-v-protsess/?fileloc=//usr/lib64/python2.7/statvfs.py&path=//usr/lib64/python2.7 HTTP/2" 200 13335 "-" "meta-externalagent/1.1 (+https://developers.facebook.com/docs/sharing/webmasters/crawler)"
57.141.0.71 - - [09/Mar/2026:15:10:55 +0330] "GET /vavada-casino-ofitsial-nyi-sait/?fileloc=//lib64/libguestStoreClient.so.0.0.0&path=//lib64 HTTP/2" 200 12315 "-" "meta-externalagent/1.1 (+https://developers.facebook.com/docs/sharing/webmasters/crawler)"
57.141.0.71 - - [09/Mar/2026:15:10:55 +0330] "GET /otchego-cheloveku-suschestvenno-oschuschat-vovlechennost-v-protsess/?fileloc=//lib/firewalld/zones/internal.xml&path=//lib/firewalld/zones HTTP/2" 200 12957 "-" "meta-externalagent/1.1 (+https://developers.facebook.com/docs/sharing/webmasters/crawler)"
57.141.0.22 - - [09/Mar/2026:15:10:56 +0330] "GET /vavada-casino-ofitsial-nyi-sait/?fileloc=//lib64/libbrotlicommon.so.1&path=//lib64 HTTP/2" 200 12307 "-" "meta-externalagent/1.1 (+https://developers.facebook.com/docs/sharing/webmasters/crawler)"
57.141.0.55 - - [09/Mar/2026:15:10:56 +0330] "GET /otchego-cheloveku-suschestvenno-oschuschat-vovlechennost-v-protsess/?fileloc=//usr/lib/firmware/iwlwifi-so-a0-hr-b0-84.ucode&path=//usr/lib/firmware HTTP/2" 200 12404 "-" "meta-externalagent/1.1 (+https://developers.facebook.com/docs/sharing/webmasters/crawler)"
57.141.0.18 - - [09/Mar/2026:15:10:57 +0330] "GET /valor-2025-%ec%98%a4%ec%b0%ac-%ed%96%89%ec%82%ac-%ec%b0%b8%ec%84%9d%ec%9e%90-%ed%99%95%ec%9d%b8-%ec%82%ac%ec%a7%84-%ec%9e%90%eb%ac%bc-%eb%8f%84%eb%b0%95-%ec%82%ac%ec%97%85%ec%9e%a5-2025%eb%85%84-12/?fileloc=//bin/view&path=//bin HTTP/2" 200 12285 "-" "meta-externalagent/1.1 (+https://developers.facebook.com/docs/sharing/webmasters/crawler)"
57.141.0.45 - - [09/Mar/2026:15:10:46 +0330] "GET /essential-uncrossable-changing/?fileloc=/home/drdaynet/public_html/wp-admin/ms-delete-site.php&path=/home/drdaynet/public_html/wp-admin HTTP/2" 200 17482 "-" "meta-externalagent/1.1 (+https://developers.facebook.com/docs/sharing/webmasters/crawler)"
147.135.213.170 - - [09/Mar/2026:15:10:46 +0330] "GET /author/admin/page/1875/?path=/ HTTP/1.1" 200 3272 "-" "Mozilla/5.0 (compatible; MJ12bot/v1.4.8; http://mj12bot.com/)"
57.141.0.53 - - [09/Mar/2026:15:10:47 +0330] "GET /otchego-cheloveku-suschestvenno-oschuschat-vovlechennost-v-protsess/?fileloc=//lib/firmware/iwlwifi-gl-c0-fm-c0-83.ucode&path=//lib/firmware HTTP/2" 200 12362 "-" "meta-externalagent/1.1 (+https://developers.facebook.com/docs/sharing/webmasters/crawler)"
147.135.213.170 - - [09/Mar/2026:15:10:48 +0330] "GET /author/admin/page/1875/?path=/home HTTP/1.1" 200 2788 "-" "Mozilla/5.0 (compatible; MJ12bot/v1.4.8; http://mj12bot.com/)"
57.141.0.36 - - [09/Mar/2026:15:10:49 +0330] "GET /otchego-cheloveku-suschestvenno-oschuschat-vovlechennost-v-protsess/?fileloc=//usr/include/gnumake.h&path=//usr/include HTTP/2" 200 15268 "-" "meta-externalagent/1.1 (+https://developers.facebook.com/docs/sharing/webmasters/crawler)"
147.135.213.170 - - [09/Mar/2026:15:10:50 +0330] "GET /author/admin/page/1875/?path=/home/drdaynet HTTP/1.1" 200 4154 "-" "Mozilla/5.0 (compatible; MJ12bot/v1.4.8; http://mj12bot.com/)"
147.135.213.170 - - [09/Mar/2026:15:10:52 +0330] "GET /author/admin/page/1875/?path=/home/drdaynet/public_html HTTP/1.1" 200 3984 "-" "Mozilla/5.0 (compatible; MJ12bot/v1.4.8; http://mj12bot.com/)"
57.141.0.30 - - [09/Mar/2026:15:10:53 +0330] "GET /vavada-casino-ofitsial-nyi-sait/?fileloc=//lib64/libpaper.so.1.1.2&path=//lib64 HTTP/2" 200 12304 "-" "meta-externalagent/1.1 (+https://developers.facebook.com/docs/sharing/webmasters/crawler)"
147.135.213.170 - - [09/Mar/2026:15:10:54 +0330] "GET /author/admin/page/1875/?path=/home/drdaynet/public_html/.tmb HTTP/1.1" 200 2564 "-" "Mozilla/5.0 (compatible; MJ12bot/v1.4.8; http://mj12bot.com/)"
147.135.213.170 - - [09/Mar/2026:15:10:56 +0330] "GET /author/admin/page/1875/?path=/home/drdaynet/public_html/.well-known HTTP/1.1" 200 2836 "-" "Mozilla/5.0 (compatible; MJ12bot/v1.4.8; http://mj12bot.com/)"
147.135.213.170 - - [09/Mar/2026:15:10:58 +0330] "GET /author/admin/page/1875/?path=/home/drdaynet/public_html/cgi-bin HTTP/1.1" 200 2569 "-" "Mozilla/5.0 (compatible; MJ12bot/v1.4.8; http://mj12bot.com/)"
57.141.0.9 - - [09/Mar/2026:15:10:58 +0330] "GET /wp-sitemap-users-1.xml?fileloc=//lib64/libssl.so.1.1.1k&path=//lib64 HTTP/2" 200 12303 "-" "meta-externalagent/1.1 (+https://developers.facebook.com/docs/sharing/webmasters/crawler)"
57.141.0.63 - - [09/Mar/2026:15:10:59 +0330] "GET /otchego-cheloveku-suschestvenno-oschuschat-vovlechennost-v-protsess/?path=//lib/python3.6/site-packages/procfs HTTP/2" 200 18826 "-" "meta-externalagent/1.1 (+https://developers.facebook.com/docs/sharing/webmasters/crawler)"
147.135.213.170 - - [09/Mar/2026:15:11:00 +0330] "GET /author/admin/page/1875/?path=/home/drdaynet/public_html/e794c5e6 HTTP/1.1" 200 2847 "-" "Mozilla/5.0 (compatible; MJ12bot/v1.4.8; http://mj12bot.com/)"
57.141.0.45 - - [09/Mar/2026:15:11:00 +0330] "GET /otchego-cheloveku-suschestvenno-oschuschat-vovlechennost-v-protsess/?fileloc=//lib/firmware/intel/ibt-20-1-4.sfi&path=//lib/firmware/intel HTTP/2" 200 12401 "-" "meta-externalagent/1.1 (+https://developers.facebook.com/docs/sharing/webmasters/crawler)"
57.141.0.57 - - [09/Mar/2026:15:11:01 +0330] "GET /otchego-cheloveku-suschestvenno-oschuschat-vovlechennost-v-protsess/?fileloc=//lib/firmware/intel/ibt-0190-0291-usb.ddc&path=//lib/firmware/intel HTTP/2" 200 12412 "-" "meta-externalagent/1.1 (+https://developers.facebook.com/docs/sharing/webmasters/crawler)"
147.135.213.170 - - [09/Mar/2026:15:11:02 +0330] "GET /author/admin/page/1875/?path=/home/drdaynet/public_html/wp-admin HTTP/1.1" 200 6824 "-" "Mozilla/5.0 (compatible; MJ12bot/v1.4.8; http://mj12bot.com/)"
57.141.0.38 - - [09/Mar/2026:15:10:51 +0330] "GET /otchego-cheloveku-suschestvenno-oschuschat-vovlechennost-v-protsess/?fileloc=/home/drdaynet/public_html/wp-includes/js/mediaelement/renderers/vimeo.min.js&path=/home/drdaynet/public_html/wp-includes/js/mediaelement/renderers HTTP/2" 200 20453 "-" "meta-externalagent/1.1 (+https://developers.facebook.com/docs/sharing/webmasters/crawler)"
57.141.0.13 - - [09/Mar/2026:15:10:53 +0330] "GET /otchego-cheloveku-suschestvenno-oschuschat-vovlechennost-v-protsess/?fileloc=//lib/firmware/qat_c62x.bin&path=//lib/firmware HTTP/2" 200 12346 "-" "meta-externalagent/1.1 (+https://developers.facebook.com/docs/sharing/webmasters/crawler)"
57.141.0.4 - - [09/Mar/2026:15:10:58 +0330] "GET /valor-2025-%ec%98%a4%ec%b0%ac-%ed%96%89%ec%82%ac-%ec%b0%b8%ec%84%9d%ec%9e%90-%ed%99%95%ec%9d%b8-%ec%82%ac%ec%a7%84-%ec%9e%90%eb%ac%bc-%eb%8f%84%eb%b0%95-%ec%82%ac%ec%97%85%ec%9e%a5-2025%eb%85%84-12/?fileloc=//lib64/libodbcmyS.so&path=//lib64 HTTP/2" 200 12300 "-" "meta-externalagent/1.1 (+https://developers.facebook.com/docs/sharing/webmasters/crawler)"
57.141.0.39 - - [09/Mar/2026:15:11:01 +0330] "GET /valor-2025-%ec%98%a4%ec%b0%ac-%ed%96%89%ec%82%ac-%ec%b0%b8%ec%84%9d%ec%9e%90-%ed%99%95%ec%9d%b8-%ec%82%ac%ec%a7%84-%ec%9e%90%eb%ac%bc-%eb%8f%84%eb%b0%95-%ec%82%ac%ec%97%85%ec%9e%a5-2025%eb%85%84-12/?fileloc=/home/drdaynet/www/wp-includes/class-wpdb.php&path=/home/drdaynet/www/wp-includes HTTP/2" 200 134358 "-" "meta-externalagent/1.1 (+https://developers.facebook.com/docs/sharing/webmasters/crawler)"
57.141.0.72 - - [09/Mar/2026:15:11:03 +0330] "GET /wp-sitemap-users-1.xml?fileloc=//lib64/libhistory.so.7.0&path=//lib64 HTTP/2" 200 12304 "-" "meta-externalagent/1.1 (+https://developers.facebook.com/docs/sharing/webmasters/crawler)"
57.141.0.68 - - [09/Mar/2026:15:11:04 +0330] "GET /otchego-cheloveku-suschestvenno-oschuschat-vovlechennost-v-protsess/?fileloc=//usr/lib64/python2.7/sets.pyo&path=//usr/lib64/python2.7 HTTP/2" 200 12395 "-" "meta-externalagent/1.1 (+https://developers.facebook.com/docs/sharing/webmasters/crawler)"
57.141.0.38 - - [09/Mar/2026:15:11:05 +0330] "GET /otchego-cheloveku-suschestvenno-oschuschat-vovlechennost-v-protsess/?fileloc=//usr/lib64/python2.7/__phello__.foo.pyo&path=//usr/lib64/python2.7 HTTP/2" 200 12405 "-" "meta-externalagent/1.1 (+https://developers.facebook.com/docs/sharing/webmasters/crawler)"
57.141.0.4 - - [09/Mar/2026:15:11:07 +0330] "GET /vavada-casino-ofitsial-nyi-sait/?path=//lib64/audit HTTP/2" 200 14187 "-" "meta-externalagent/1.1 (+https://developers.facebook.com/docs/sharing/webmasters/crawler)"
57.141.0.13 - - [09/Mar/2026:15:11:10 +0330] "GET /ice-9744/?path=/home/drdaynet/www/cgi-bin HTTP/2" 200 12847 "-" "meta-externalagent/1.1 (+https://developers.facebook.com/docs/sharing/webmasters/crawler)"
57.141.0.40 - - [09/Mar/2026:15:11:11 +0330] "GET /otchego-cheloveku-suschestvenno-oschuschat-vovlechennost-v-protsess/?fileloc=//lib/firewalld/services/bb.xml&path=//lib/firewalld/services HTTP/2" 200 12949 "-" "meta-externalagent/1.1 (+https://developers.facebook.com/docs/sharing/webmasters/crawler)"
57.141.0.28 - - [09/Mar/2026:15:11:12 +0330] "GET /ice-9744/?fileloc=/home/drdaynet/public_html/wp-includes/class-wp-metadata-lazyloader.php&path=/home/drdaynet/public_html/wp-includes HTTP/2" 200 19437 "-" "meta-externalagent/1.1 (+https://developers.facebook.com/docs/sharing/webmasters/crawler)"
57.141.0.63 - - [09/Mar/2026:15:11:14 +0330] "GET /otchego-cheloveku-suschestvenno-oschuschat-vovlechennost-v-protsess/?fileloc=//usr/lib64/libmenuw.so.6&path=//usr/lib64 HTTP/2" 200 12338 "-" "meta-externalagent/1.1 (+https://developers.facebook.com/docs/sharing/webmasters/crawler)"
57.141.0.44 - - [09/Mar/2026:15:11:03 +0330] "GET /wp-sitemap-users-1.xml?fileloc=//bin/mytop&path=//bin HTTP/2" 200 89908 "-" "meta-externalagent/1.1 (+https://developers.facebook.com/docs/sharing/webmasters/crawler)"
147.135.213.170 - - [09/Mar/2026:15:11:04 +0330] "GET /author/admin/page/1875/?path=/home/drdaynet/public_html/wp-content HTTP/1.1" 200 3192 "-" "Mozilla/5.0 (compatible; MJ12bot/v1.4.8; http://mj12bot.com/)"
57.141.0.45 - - [09/Mar/2026:15:11:05 +0330] "GET /otchego-cheloveku-suschestvenno-oschuschat-vovlechennost-v-protsess/?fileloc=//lib/.build-id/fd/e95cc367dfd46eaa0d8eb7034b131491f523b1&path=//lib/.build-id/fd HTTP/2" 200 12420 "-" "meta-externalagent/1.1 (+https://developers.facebook.com/docs/sharing/webmasters/crawler)"
147.135.213.170 - - [09/Mar/2026:15:11:05 +0330] "GET /author/admin/page/1875/?path=/home/drdaynet/public_html/wp-includes HTTP/1.1" 200 13838 "-" "Mozilla/5.0 (compatible; MJ12bot/v1.4.8; http://mj12bot.com/)"
57.141.0.45 - - [09/Mar/2026:15:11:06 +0330] "GET /otchego-cheloveku-suschestvenno-oschuschat-vovlechennost-v-protsess/?fileloc=//lib/firmware/iwlwifi-bz-b0-gf-a0-92.ucode&path=//lib/firmware HTTP/2" 200 12362 "-" "meta-externalagent/1.1 (+https://developers.facebook.com/docs/sharing/webmasters/crawler)"
57.141.0.28 - - [09/Mar/2026:15:11:06 +0330] "GET /vavada-casino-ofitsial-nyi-sait/?fileloc=/home/drdaynet/tmp/webalizer/daily_usage_202507.png&path=/home/drdaynet/tmp/webalizer HTTP/2" 200 12473 "-" "meta-externalagent/1.1 (+https://developers.facebook.com/docs/sharing/webmasters/crawler)"
147.135.213.170 - - [09/Mar/2026:15:11:07 +0330] "GET /how-to-choose-the-perfect-online-casino-an-expert-guide-for-uk-players/?fileloc=/home/drdaynet/public_html/.htaccess&path=/home/drdaynet/public_html HTTP/1.1" 200 2960 "-" "Mozilla/5.0 (compatible; MJ12bot/v1.4.8; http://mj12bot.com/)"
57.141.0.7 - - [09/Mar/2026:15:11:07 +0330] "GET /otchego-cheloveku-suschestvenno-oschuschat-vovlechennost-v-protsess/?fileloc=/home/drdaynet/public_html/wp-includes/blocks/accordion-panel/style.css&path=/home/drdaynet/public_html/wp-includes/blocks/accordion-panel HTTP/2" 200 12811 "-" "meta-externalagent/1.1 (+https://developers.facebook.com/docs/sharing/webmasters/crawler)"
57.141.0.55 - - [09/Mar/2026:15:11:08 +0330] "GET /otchego-cheloveku-suschestvenno-oschuschat-vovlechennost-v-protsess/?fileloc=//lib64/libssh.so.4&path=//lib64 HTTP/2" 200 12298 "-" "meta-externalagent/1.1 (+https://developers.facebook.com/docs/sharing/webmasters/crawler)"
147.135.213.170 - - [09/Mar/2026:15:11:09 +0330] "GET /how-to-choose-the-perfect-online-casino-an-expert-guide-for-uk-players/?fileloc=/home/drdaynet/public_html/.htaccess.bk&path=/home/drdaynet/public_html HTTP/1.1" 200 2954 "-" "Mozilla/5.0 (compatible; MJ12bot/v1.4.8; http://mj12bot.com/)"
147.135.213.170 - - [09/Mar/2026:15:11:11 +0330] "GET /how-to-choose-the-perfect-online-casino-an-expert-guide-for-uk-players/?fileloc=/home/drdaynet/public_html/0x.txt&path=/home/drdaynet/public_html HTTP/1.1" 200 2505 "-" "Mozilla/5.0 (compatible; MJ12bot/v1.4.8; http://mj12bot.com/)"
147.135.213.170 - - [09/Mar/2026:15:11:13 +0330] "GET /how-to-choose-the-perfect-online-casino-an-expert-guide-for-uk-players/?fileloc=/home/drdaynet/public_html/error_log&path=/home/drdaynet/public_html HTTP/1.1" 200 14604 "-" "Mozilla/5.0 (compatible; MJ12bot/v1.4.8; http://mj12bot.com/)"
147.135.213.170 - - [09/Mar/2026:15:11:15 +0330] "GET /how-to-choose-the-perfect-online-casino-an-expert-guide-for-uk-players/?fileloc=/home/drdaynet/public_html/index.php&path=/home/drdaynet/public_html HTTP/1.1" 200 2729 "-" "Mozilla/5.0 (compatible; MJ12bot/v1.4.8; http://mj12bot.com/)"
147.135.213.170 - - [09/Mar/2026:15:11:17 +0330] "GET /how-to-choose-the-perfect-online-casino-an-expert-guide-for-uk-players/?fileloc=/home/drdaynet/public_html/l.php&path=/home/drdaynet/public_html HTTP/1.1" 200 2505 "-" "Mozilla/5.0 (compatible; MJ12bot/v1.4.8; http://mj12bot.com/)"
57.141.0.49 - - [09/Mar/2026:15:10:52 +0330] "GET /otchego-cheloveku-suschestvenno-oschuschat-vovlechennost-v-protsess/?fileloc=//lib/firewalld/services/ipp.xml&path=//lib/firewalld/services HTTP/2" 200 12948 "-" "meta-externalagent/1.1 (+https://developers.facebook.com/docs/sharing/webmasters/crawler)"
57.141.0.61 - - [09/Mar/2026:15:10:54 +0330] "GET /vavada-casino-ofitsial-nyi-sait/?fileloc=//lib64/libglapi.so.0.0.0&path=//lib64 HTTP/2" 200 12304 "-" "meta-externalagent/1.1 (+https://developers.facebook.com/docs/sharing/webmasters/crawler)"
57.141.0.27 - - [09/Mar/2026:15:10:59 +0330] "GET /vavada-casino-ofitsial-nyi-sait/?fileloc=//lib64/libxdot.so.4.0.0&path=//lib64 HTTP/2" 200 12303 "-" "meta-externalagent/1.1 (+https://developers.facebook.com/docs/sharing/webmasters/crawler)"
57.141.0.7 - - [09/Mar/2026:15:11:00 +0330] "GET /valor-2025-%ec%98%a4%ec%b0%ac-%ed%96%89%ec%82%ac-%ec%b0%b8%ec%84%9d%ec%9e%90-%ed%99%95%ec%9d%b8-%ec%82%ac%ec%a7%84-%ec%9e%90%eb%ac%bc-%eb%8f%84%eb%b0%95-%ec%82%ac%ec%97%85%ec%9e%a5-2025%eb%85%84-12/?fileloc=//lib64/libcollection.so.4&path=//lib64 HTTP/2" 200 12305 "-" "meta-externalagent/1.1 (+https://developers.facebook.com/docs/sharing/webmasters/crawler)"
57.141.0.33 - - [09/Mar/2026:15:11:02 +0330] "GET /%e1%81%82%e1%81%80%e1%81%82%e1%81%86-%e1%80%81%e1%80%af%e1%80%94%e1%80%be%e1%80%85%e1%80%ba-%e1%80%96%e1%80%b1%e1%80%96%e1%80%b1%e1%80%ac%e1%80%ba%e1%80%9d%e1%80%ab%e1%80%9b%e1%80%ae%e1%80%9c%e1%80%90/?fileloc=/home/drdaynet/public_html/wp-includes/customize/class-wp-customize-nav-menu-auto-add-control.php&path=/home/drdaynet/public_html/wp-includes/customize HTTP/2" 200 13877 "-" "meta-externalagent/1.1 (+https://developers.facebook.com/docs/sharing/webmasters/crawler)"
57.141.0.54 - - [09/Mar/2026:15:11:02 +0330] "GET /top-green-gaming-habits-equipment-information-and-conquering-dependency-aslan-neferler-tim/?fileloc=/home/drdaynet/public_html/wp-includes/blocks/math/style.min.css&path=/home/drdaynet/public_html/wp-includes/blocks/math HTTP/2" 200 12712 "-" "meta-externalagent/1.1 (+https://developers.facebook.com/docs/sharing/webmasters/crawler)"
